the highest common divisor of 76 and j.
38
Let x be -4*(11/(-4) + -2). Let h = x - -96. Suppose -96 = -4*n - 4*b, n + 2*b - 6 = 19. What is the highest common factor of h and n?
23
Let u be (-30)/9*204/(-4). Let p = u + -33. Suppose 0*l - 4*l + m = -p, -4*l - m = -127. Calculate the highest common divisor of 3 and l.
3
Let v be ((-1)/2)/(1/24). Let z = v + 20. Suppose 2*c + z = 20. Calculate the highest common divisor of c and 6.
6
Let v = -1855 + 1925. Calculate the highest common divisor of v and 4.
2
Let c be -3*(1 - (-236)/(-12)). Suppose 5*k + 3*o + 5 = 0, -26 - 2 = -4*k + 4*o. Let l be 14 - (-3 - (-6)/k). Calculate the highest common factor of l and c.
14
Let u = 68 + -65. Suppose i = 2*i - u*y - 16, -26 = -2*i + 4*y. Let n be 1/(-3) - (-106)/3. Calculate the greatest common divisor of i and n.
7
Let x = -604 + 1036. Calculate the greatest common factor of 27 and x.
27
Suppose 0 = 2*w - 4*g - 56, 71 = 4*w + 3*g - 85. Calculate the greatest common factor of 336 and w.
12
Suppose 6*u + 2*r = 11*u - 3506, 5*u - 3508 = r. Calculate the highest common factor of 9 and u.
9
Suppose u - 2*a = -3*u + 70, -2*u = 3*a - 15. Let g(f) = -f**3 + 14*f**2 + 20*f + 3. Let t be g(u). What is the highest common divisor of t and 6?
6
Let o be (1 + 45/(-18))*-180. Calculate the highest common divisor of o and 10.
10
Let p be 6*((-9)/(-2))/3. Let z be (-24)/28*-7 - (14 - 11). What is the highest common divisor of p and z?
3
Let z = -1135 + 1519. What is the greatest common divisor of 204 and z?
12
Let x be 14157/(-39)*(-2)/3. Calculate the highest common factor of 22 and x.
22
Let i = 1450 - 1372. Calculate the greatest common factor of 52 and i.
26
Let j(w) = w**2 + 2*w - 118. Let s(y) = -y**2 - 2*y + 119. Let b(m) = 2*j(m) + 3*s(m). Let t be b(0). What is the greatest common factor of t and 11?
11
Let k(m) = 22 + 3*m + m - 2*m. Let c be k(-10). Calculate the highest common factor of 2 and c.
2
Let q(p) = p + 110. Let m be q(-19). What is the highest common divisor of 208 and m?
13
Let m = 24 + -20. Suppose -m = 5*f - 6*f. Suppose -k - j + 7 = 0, -2*k + 18 - f = 3*j. What is the highest common factor of 56 and k?
7
Let l be 3*18 + -4 + 4. Let n(k) = -2*k - 12. Let a be n(-9). Calculate the highest common factor of a and l.
6
Let m(w) = -7*w - 50. Let j be m(-8). Let h(p) be the first derivative of 7*p**3/3 + 3*p - 1. Let n be h(3). What is the greatest common divisor of n and j?
6
Let s(z) = -z**3 - 14*z**2 + 6*z + 29. Let v be s(-15). What is the greatest common divisor of 2 and v?
2
Suppose -30*v = -38*v + 520. What is the highest common factor of 5 and v?
5
Suppose 3*j + j = 0. Suppose -12 = -3*o - j. Calculate the highest common divisor of 36 and o.
4
Let t(d) = d - 62 + 9*d**2 + 38 + 31. Let i be t(4). What is the highest common factor of i and 62?
31
Let r(b) be the first derivative of -3*b**2/2 + 5*b + 8. Let n be r(5). Let s be (1 - -2 - n) + 2. What is the highest common factor of s and 120?
15
Suppose 0*r - 9 = 3*r. Let h(u) = -5*u - 7. Let m be h(r). Let n = -3 + m. Calculate the highest common divisor of 5 and n.
5
Let r = 2 - -7. Let l be 3/(-5) + (-4)/10. Let h = l - -10. Calculate the greatest common factor of r and h.
9
Suppose -2*b + 52 = -2*q, 18 = -4*q + 2. Let l = 7 + -3. Let k be l/(-14) - (-32)/14. What is the highest common factor of k and b?
2
Let g be -1*4 - 308/(-22) - 6. Suppose 14 = 2*x + 6. What is the greatest common divisor of x and g?
4
Let v(r) = 11*r**2 - 14*r + 5. Let l be v(2). What is the highest common divisor of l and 56?
7
Let r be 4/6 - (-80)/(-12). Let s be -4 + -3*20/r. Suppose -3*q + 1 = 3*k - 47, -4*k + q = -59. Calculate the highest common factor of s and k.
3
Let a be (-24)/28 + (-240)/(-35). Let s(j) = -j**2 + 10*j - 6. Let r be s(4). What is the greatest common divisor of r and a?
6
Let v be (-18)/3*4/(-6). Let h be 7/2*(-3 + 100/28). Suppose h*u + 2*u = v. Calculate the highest common divisor of u and 1.
1
Let y be 8/(-20) - (-22)/5. Suppose -2*f + 4*v = -0*v - 48, -y*f = -4*v - 108. What is the greatest common divisor of f and 330?
30
Suppose 3*f - 26 - 22 = -5*a, -5*f = 3*a - 96. What is the highest common divisor of f and 567?
21
Suppose 0 = -16*v + 934 + 26. What is the greatest common factor of 90 and v?
30
Suppose 3*l = -6*l + 171. Let x = 27 - l. What is the highest common divisor of 12 and x?
4
Suppose -3*j - 3*w = -306, 396 = 12*j - 8*j + w. Calculate the highest common divisor of 21 and j.
7
Let v be 16/(-12)*(-75)/10. Let z(l) = l**3 - 6*l**2 - 6*l - 3. Let h be z(8). Let x = h + v. Calculate the highest common factor of x and 29.
29
Suppose -2*q = 4*a + 6, 2*a = -5 - 1. Let l(i) = -11*i**2 - 2 + 11*i**2 - 2*i**q + i**3 + i. Let n be l(-6). Calculate the greatest common divisor of 26 and n.
26
Let s(a) = -62*a + 321. Let b be s(5). Let d(z) = -z + 77. Let g be d(0). What is the highest common factor of b and g?
11
Let o = -23 + 18. Let a be 3/(-6)*(o + -1). Let m(q) = 2*q**2 - 3*q - 4. Let n be m(a). What is the greatest common divisor of n and 25?
5
Suppose 254 = -7*h - 12. Let f = -31 - h. What is the greatest common factor of f and 21?
7
Let b be (-30)/(-7) + (-8)/28. Suppose 9 = 2*j + 1. Suppose j*g - 4 = 0, -4*t - b*g = -65 - 59. Calculate the greatest common divisor of 6 and t.
6
Let a = -284 + 709. Calculate the greatest common factor of 25 and a.
25
Let l = -7 + 5. Let n be 6 - (-2)/(-1) - l. Suppose 3*t - 36 = n. Calculate the highest common factor of 7 and t.
7
Let s = -29 + 10. Let u = s + 28. Suppose 0 = 3*a + u - 63. What is the greatest common factor of a and 36?
18
Suppose 0 = -42*i + 184 + 320. What is the highest common factor of i and 36?
12
Let d = 1260 + -873. What is the highest common factor of 9 and d?
9
Let f(n) = 29*n - 59. Let y be f(7). Calculate the greatest common factor of y and 528.
48
Let c be -7 - -9 - 1*-3. Suppose -r + h + 62 = 8, h = c*r - 254. Calculate the highest common divisor of r and 10.
10
Let q(p) = 71*p + 77. Let z be q(11). What is the highest common factor of 39 and z?
39
Suppose -2*j + 166 = 2*x, -x + 3*j + 76 = -15. Let o = 6 - 4. Let r be (-4 + 3)/(o/(-68)). Calculate the greatest common divisor of x and r.
17
Let w = 43 + -38. Suppose -5*c = -5*r - 900, c = 4*c - w*r - 536. Calculate the greatest common factor of c and 26.
26
Suppose 9*t - 6*t = -21. Let i = t - -39. Calculate the highest common divisor of 96 and i.
32
Suppose 0 = -111*s + 104*s + 210. What is the highest common factor of s and 42?
6
Let x = 69 - 39. Calculate the greatest common divisor of x and 14.
2
Let j be 2/(-10)*(-2 - 3). Let r = 9 + j. Calculate the greatest common divisor of 15 and r.
5
Let y be (-2)/11 + 3537/33. Let o be (-3)/(-12) + -2 + y/4. What is the highest common divisor of 125 and o?
25
Let n(a) = 29*a - 6. Let z be n(4). Suppose -5*o = -4*u + 60, 3*u + u - 32 = -2*o. What is the highest common divisor of u and z?
10
Suppose 5*p - 7 = -67. Let c(w) = -w + 6. Let r be c(p). Suppose 20*x + 18 = 21*x. Calculate the highest common factor of x and r.
18
Suppose 22*x + 450 = 31*x. What is the greatest common factor of x and 60?
10
Let m = 4 + 16. Let u be 1 + 29 - (2 - 2). Let a = m + u. Calculate the greatest common factor of a and 10.
10
Let s(o) be the first derivative of 4*o**3/3 + o**2/2 + 6. Let a be s(1). Suppose -3*c - 44 = -a*c. What is the highest common divisor of 242 and c?
22
Let s(d) be the first derivative of d**3/3 - 10*d**2 + 2*d - 16. Let l be s(20). Calculate the highest common divisor of l and 3.
1
Suppose 0 = 4*r + 12, -2*b - 4*r = 20 - 62. Let j(k) = k**3 - 19*k**2 + 20*k - 27. Let t be j(18). What is the greatest common divisor of t and b?
9
Let w(v) = v + 24. Let x(o) = 2*o + 46. Let n(f) = -11*w(f) + 6*x(f). Suppose 3*d - 5*d = 20. Let m be n(d). What is the highest common factor of m and 2?
2
Let v be ((-28)/6)/((-2)/3). Let g be (-80)/280 + (-1 - (-646)/7). Calculate the highest common divisor of g and v.
7
Let g = 88 - 90. Let u be g/5 + (2 - 816/(-15)). Calculate the highest common divisor of u and 42.
14
Suppose -247 = -8*v - 87. Suppose -4*k = -0*k + v, -4*n - 5*k = -95. Calculate the highest common divisor of n and 6.
6
Suppose 3*y + 4*u = -179, y - 5*y = -2*u + 268. Let f = y - -66. What is the highest common factor of 2 and f?
1
Su